ber?
True
Is 22799213 composite?
False
Is 79599277 a prime number?
True
Is 835897 a composite number?
False
Is 747524237 a composite number?
True
Is 31768277 a prime number?
True
Is 22934161 a composite number?
False
Is 17387231 a composite number?
False
Is 143064059 prime?
False
Is 5612791 composite?
True
Is 6181117 prime?
False
Is 104381653 prime?
True
Is 210973579 prime?
False
Is 2351977 a prime number?
False
Is 6457691 prime?
False
Is 549195841 composite?
True
Is 24439487 prime?
True
Is 8832871 prime?
False
Is 2905685 composite?
True
Is 160459451 a composite number?
True
Is 9724361 a composite number?
True
Is 749096671 a prime number?
True
Is 84082994 a prime number?
False
Is 2835779 prime?
True
Is 30364627 composite?
False
Is 68885519 a prime number?
True
Is 1060151 prime?
True
Is 8088189 a composite number?
True
Is 54384497 a prime number?
True
Is 1711735 prime?
False
Is 459337 a prime number?
True
Is 6631321 composite?
False
Is 427459 composite?
True
Is 14453903 a prime number?
True
Is 4409609 prime?
True
Is 301172017 a prime number?
False
Is 468409 composite?
True
Is 30944909 a prime number?
True
Is 46111211 a prime number?
False
Is 160596283 a prime number?
True
Is 7680109 a prime number?
False
Is 31813043 prime?
False
Is 23957527 a prime number?
False
Is 620549 prime?
True
Is 13837297 prime?
False
Is 4180051 a composite number?
False
Is 26705023 a prime number?
True
Is 98228353 composite?
False
Is 2197901 a prime number?
False
Is 133979 a composite number?
False
Is 132401326 composite?
True
Is 1942273 prime?
True
Is 106351751 prime?
False
Is 12197873 a composite number?
True
Is 96703843 a prime number?
True
Is 131813083 a composite number?
True
Is 305526799 composite?
True
Is 10486227 a composite number?
True
Is 1111933 composite?
False
Is 9495103 composite?
False
Is 193863779 a prime number?
True
Is 65041213 a prime number?
False
Is 184747219 a prime number?
False
Is 13227251 a prime number?
True
Is 960047 prime?
False
Is 20457487 a composite number?
False
Is 38752193 prime?
True
Is 55988749 a prime number?
False
Is 100726807 prime?
True
Is 3542809 a composite number?
False
Is 28801243 a composite number?
False
Is 94169363 prime?
True
Is 4632577 a composite number?
False
Is 1013521 composite?
True
Is 28496693 a composite number?
False
Is 75614021 a composite number?
True
Is 420804715 a prime number?
False
Is 2034751 a composite number?
True
Is 362569 a composite number?
False
Is 2215679 a composite number?
True
Is 750837 a prime number?
False
Is 869809 a prime number?
True
Is 18075737 composite?
True
Is 111787567 a prime number?
False
Is 52575833 prime?
False
Is 896165 a composite number?
True
Is 7292279 a composite number?
False
Is 5901515 a prime number?
False
Is 9739669 prime?
False
Is 7037999 a composite number?
True
Is 128252023 a prime number?
False
Is 35932469 a prime number?
True
Is 30395177 a composite number?
False
Is 545758 composite?
True
Is 631673327 composite?
False
Is 259661687 prime?
True
Is 63913 composite?
False
Is 160026707 a prime number?
True
Is 2451766 prime?
False
Is 283962337 prime?
False
Is 1724813 a prime number?
True
Is 44002019 a composite number?
True
Is 1157099 composite?
False
Is 6639989 prime?
True
Is 20813851 a composite number?
True
Is 101498899 a prime number?
True
Is 5016629 a prime number?
False
Is 10410185 composite?
True
Is 352855277 prime?
False
Is 4990187 prime?
True
Is 406907 a prime number?
True
Is 262621141 prime?
False
Is 3161594 a composite number?
True
Is 98964323 a prime number?
False
Is 209798327 composite?
True
Is 324772477 a composite number?
False
Is 485999 composite?
True
Is 4833317 a prime number?
False
Is 702769 prime?
False
Is 1495261 a composite number?
False
Is 43663661 composite?
True
Is 269257 a prime number?
True
Is 18313007 a composite number?
True
Is 3208565 prime?
False
Is 1911703 composite?
True
Is 34593749 a prime number?
True
Is 1732991497 prime?
True
Is 17386469 a prime number?
True
Is 5629649 a composite number?
False
Is 18020939 a prime number?
False
Is 2591669 prime?
True
Is 19280519 prime?
True
Is 71701519 a composite number?
False
Is 36215545 a prime number?
False
Is 6758543 a composite number?
True
Is 8325587 a prime number?
True
Is 2662633 a composite number?
True
Is 19476445 a prime number?
False
Is 64846319 a prime number?
False
Is 369091295 composite?
True
Is 551093 a composite number?
False
Is 35555059 a composite number?
True
Is 1233697 composite?
True
Is 8724413 prime?
False
Is 7334489 prime?
True
Is 296439009 prime?
False
Is 26677877 a prime number?
True
Is 191712919 prime?
True
Is 19578599 composite?
True
Is 188069251 composite?
False
Is 621347021 a prime number?
True
Is 4563127 composite?
False
Is 1540937 composite?
True
Is 8106893 a composite number?
False
Is 7864435 a composite number?
True
Is 31880041 prime?
True
Is 76745 a prime number?
False
Is 4870907 a composite number?
False
Is 2710427 composite?
True
Is 1802029 a composite number?
False
Is 29501 prime?
True
Is 289639333 a prime number?
False
Is 159863491 composite?
True
Is 479693 a composite number?
True
Is 15312751 a composite number?
False
Is 17125573 prime?
False
Is 79820323 a composite number?
True
Is 73143211 a prime number?
True
Is 3496229 prime?
False
Is 541264043 a composite number?
False
Is 52817297 a prime number?
False
Is 98191846 prime?
False
Is 1085263 composite?
True
Is 6025958 composite?
True
Is 3699743 a composite number?
False
Is 6508421 prime?
True
Is 2810981 a composite number?
False
Is 593303 a prime number?
False
Is 270239759 composite?
False
Is 52201133 a composite number?
True
Is 44627087 a composite number?
False
Is 27703187 composite?
True
Is 779069 composite?
False
Is 25940899 prime?
True
Is 200516531 a prime number?
True
Is 865843 composite?
True
Is 6843937 a composite number?
False
Is 3987113 a composite number?
True
Is 120009803 composite?
False
Is 71003297 a composite number?
True
Is 5404663 a prime number?
False
Is 416399527 a composite number?
False
Is 12499257 a prime number?
False
Is 169477027 a prime number?
True
Is 52639883 a composite number?
False
Is 4876751 a prime number?
False
Is 21657047 a prime number?
False
Is 233597699 composite?
False
Is 15249959 a prime number?
True
Is 1450963 composite?
False
Is 1099997 composite?
False
Is 2800111 composite?
True
Is 1259371 a prime number?
True
Is 7644155 prime?
False
Is 6086413 prime?
True
Is 543997 composite?
False
Is 18682199 a composite number?
False
Is 94857133 prime?
False
Is 34019999 a prime number?
False
Is 129860957 composite?
False
Is 640687 a prime number?
True
Is 3637637 prime?
True
Is 159223 composite?
False
Is 48493493 prime?
True
Is 115031 a composite number?
True
Is 16427591 prime?
False
Is 844172677 a composite number?
True
Is 226382111 a prime number?
False
Is 71846591 a composite number?
False
Is 437071529 a prime number?
False
Is 1909793 prime?
False
Is 23113943 prime?
True
Is 133141 prime?
False
Is 20140997 composite?
False
Is 841223203 composite?
False
Is 97074563 a composite number?
False
Is 22986461 a prime number?
True
Is 477172919 a prime number?
False
Is 3354581 a composite number?
False
Is 984199 a composite number?
False
Is 26650691 a prime number?
True
Is 417454861 a prime number?
False
Is 8083961 a composite number?
False
Is 41573487 a prime number?
False
Is 480085579 prime?
False
Is 31468729 composite?
True
Is 128165159 a composite number?
True
Is 182107291 composite?
False
Is 3441359 composite?
True
Is 206122829 prime?
False
Is 323291477 prime?
False
Is 4065367 a prime number?
False
Is 51820894 a prime number?
False
Is 657831 a composite number?
True
Is 15271537 a prime number?
True
Is 21897521 composite?
False
Is 12408679 a composite number?
True
Is 60284687 composite?
False
Is 18886001 composite?
True
Is 16194923 a composite number?
False
Is 2687093 prime?
True
Is 10485727 prime?
False
Is 38204935 a prime number?
False
Is 147229858 composite?
True
Is 3264763 composite?
True
Is 2085569 a composite number?
False
Is 5330219 a prime number?
True
Is 24171079 a prime number?
False
Is 63486701 a prime number?
True
Is 951361 a composite number?
False
Is 6465643 a composite number?
True
Is 6635713 prime?
False
Is 1644379 a composite number?
True
Is 57094469 a composite number?
Fal